 u(z) = -z**3 - z**2 + 9*z + 4. Determine u(-4).
16
Let o(i) = -i**2 + 16*i - 19. What is o(14)?
9
Let l(j) = -5*j + 45. Calculate l(6).
15
Let r(z) = z**2 + 14*z + 20. Calculate r(-11).
-13
Let v(y) = -y**3 + 8*y**2 - 3*y - 16. What is v(7)?
12
Let l(o) = -o**3 + 6*o**2 - 22*o + 87. Determine l(6).
-45
Let s(u) = u**2 - 32*u + 123. Calculate s(28).
11
Let h(k) = -2*k**3 - 20*k**2 - 10. What is h(-10)?
-10
Let j(v) = -44*v - 2. Calculate j(-1).
42
Let f(t) = 2*t**3 - 11*t**2 + 13*t - 4. Determine f(5).
36
Let u(v) = 2*v**2 - 43*v + 47. What is u(20)?
-13
Let v(y) = 2*y**2 + 23*y + 62. What is v(-5)?
-3
Let n(k) = k**3 + k**2 + 24. What is n(0)?
24
Let k(o) = o**3 - 4*o**2 - 3*o + 12. Give k(3).
-6
Let x(p) = p**2 + 7*p - 11. Determine x(-13).
67
Let a(w) = -w**3 - 15*w**2 + 19*w + 32. Calculate a(-16).
-16
Let f(s) = 5*s - 1. Give f(-1).
-6
Let v(s) = -s**3 - 21*s**2 + 2*s + 55. What is v(-21)?
13
Let o(k) = 7*k**3 - 4*k - 3. Give o(-2).
-51
Let a(f) = f**2 + 11*f + 6. Determine a(-9).
-12
Let p(l) = -2*l. What is p(-6)?
12
Let j(u) = 2*u + 1. Give j(-2).
-3
Let u(i) = -23*i + 11. Give u(4).
-81
Let k(p) = -p**2 - 55*p + 502. Calculate k(8).
-2
Let m(b) = 2*b**2 - 11*b. Determine m(7).
21
Let f(k) = -k**2 - 3*k + 66. Calculate f(-8).
26
Let o(v) = -v**3 + 7*v**2 + 10*v - 1. Calculate o(7).
69
Let z(v) = v**2 - 14*v - 532. Give z(-17).
-5
Let t(g) = -g**2 + 16*g + 38. Calculate t(18).
2
Let r(f) = -f**2 + 5*f - 28. What is r(4)?
-24
Let t(c) = -4*c**3 - c**2 - 2. Calculate t(2).
-38
Let w(p) = -3*p**3 - 50*p**2 + 17*p - 7. What is w(-17)?
-7
Let j(x) = x**3 + 10*x**2 - 3. What is j(-10)?
-3
Let w(a) = -2*a - 13. Calculate w(-5).
-3
Let n(i) = 2*i + 1. Give n(1).
3
Let n(v) = -v**2 - 23*v - 23. Determine n(-13).
107
Let d(c) = c**2 - 13*c + 7. What is d(12)?
-5
Let p(w) = 4*w**3 + 3*w**2 + 5*w. What is p(-3)?
-96
Let c(a) = a**3 - 26*a**2 + 162*a - 21. Give c(10).
-1
Let j(k) = -k**2 - 26*k - 22. What is j(-25)?
3
Let v(z) = -z + 6. Give v(4).
2
Let v(p) = -p**3 - 8*p**2 + 10*p - 5. Determine v(-9).
-14
Let g(c) = -9*c - 3. Give g(-2).
15
Let b(x) = x. Give b(5).
5
Let j(l) = -l**2 + 6*l + 10. Determine j(9).
-17
Let a(b) = -b**3 - 2*b**2 + b - 5. What is a(-3)?
1
Let j(p) = p**3 - 5*p**2 + 11*p - 22. Give j(4).
6
Let z(c) = -3*c - 1. Calculate z(8).
-25
Let m(b) = -b - 18. Determine m(-10).
-8
Let a(z) = z + 6. Give a(-16).
-10
Let g(x) = -x**3 + x**2 + 35*x - 10. Calculate g(6).
20
Let j(m) = 12*m - 3. Determine j(2).
21
Let r(c) = 7*c + 50. What is r(-21)?
-97
Let f(c) = 47*c + 2. What is f(-1)?
-45
Let v(j) = -25*j**3 + 3*j**2 + 4*j. Calculate v(-1).
24
Let u(y) = y**3 - 9*y**2 - 12*y + 3. Calculate u(10).
-17
Let c(w) = -w**2 - 29*w - 202. Give c(-17).
2
Let h(q) = -2*q**2 + 13*q - 5. Determine h(5).
10
Let c(n) = -n**2 - 33*n + 68. Give c(-35).
-2
Let l(h) = h**2 - 13*h - 10. Give l(10).
-40
Let s(t) = -4*t**3 + 33*t**2 - 8*t - 9. What is s(8)?
-9
Let c(u) = 5*u + 102. Give c(-25).
-23
Let p(w) = -2*w + 15. Calculate p(12).
-9
Let d(i) = -i - 4. Give d(-5).
1
Let h(g) = -g**2 - 10*g + 56. Give h(5).
-19
Let b(c) = 28*c - 137. Give b(5).
3
Let u(y) = -y**3 - 5*y**2 + 16*y + 1. Determine u(-7).
-13
Let w(r) = r**2 - 6*r - 15. Determine w(8).
1
Let k(h) = -h**2 + 16*h - 15. Calculate k(16).
-15
Let a(t) = 25*t - 18. Give a(3).
57
Let x(m) = -m**2 + 3*m + 27. Determine x(-3).
9
Let h(g) = -21*g - 461. Give h(-22).
1
Let i(z) = -2*z**2 - 18*z - 11. Calculate i(-8).
5
Let b(g) = g**3 + 3*g**2 - 4*g - 8. Give b(-5).
-38
Let c(o) = 2*o**2 + 5*o + 3. Determine c(4).
55
Let f(x) = -x**3 + x**2 + 5*x + 5. What is f(5)?
-70
Let p(m) = m**3 + 3*m**2 - 5*m + 2. What is p(-4)?
6
Let q(j) = -10*j - 48. What is q(-5)?
2
Let v(p) = p**2 + 23*p + 96. Give v(-18).
6
Let k(x) = -13*x**3 + 2*x**2 + x. Determine k(-1).
14
Let x(f) = 2*f**2 - 68*f - 295. Calculate x(-4).
9
Let s(g) = -2*g**3 + 4*g + 8. Give s(2).
0
Let s(i) = -3*i**2 + 3*i + 1. What is s(3)?
-17
Let j(y) = 2*y - 7. Determine j(2).
-3
Let k(a) = -30*a + 144. Determine k(6).
-36
Let f(h) = -h**3 + 10*h**2 - 16*h + 1. Give f(6).
49
Let m(j) = -3*j + 39. What is m(0)?
39
Let i(h) = 30*h + 1. Determine i(-1).
-29
Let j(s) = -3*s - 1. Determine j(2).
-7
Let w(o) = -2*o - 3. Determine w(-4).
5
Let t(v) = -v**3 + 15*v**2 - 12. Calculate t(15).
-12
Let b(y) = -y**3 + 12*y**2 - 10*y - 8. What is b(11)?
3
Let n(b) = -5*b + 1. Calculate n(-5).
26
Let w(o) = -o**3 - 4*o**2 - 5*o - 4. Determine w(-4).
16
Let n(z) = -2*z**2 + 97*z + 33. Give n(49).
-16
Let u(v) = -v + 15. Determine u(5).
10
Let z(f) = 5*f - 19. Give z(5).
6
Let z(c) = c**3 + 4*c**2 - 5*c - 8. Give z(-4).
12
Let x(a) = 2*a + 27. Determine x(3).
33
Let y(n) = -n**2 - 19*n - 15. What is y(-11)?
73
Let n(d) = -d + 5. Calculate n(4).
1
Let v(l) = 31*l - 272. What is v(9)?
7
Let p(r) = -r**2 + 14*r + 3. Calculate p(10).
43
Let c(d) = 2*d**3 + 50*d**2 - 51*d - 3. Calculate c(-26).
-29
Let f(k) = -11*k**3 + k**2 - 2*k + 1. Calculate f(1).
-11
Let d(s) = -s**2 + 10*s. Calculate d(10).
0
Let q(y) = y**3 - 4*y**2 - 5*y + 13. Calculate q(4).
-7
Let k(h) = 6*h**3 - 10*h**2 + 7*h + 3. Calculate k(1).
6
Let c(q) = 7*q - 12. Calculate c(6).
30
Let w(f) = -5*f + 114. Determine w(23).
-1
Let v(j) = j. Give v(-10).
-10
Let t(p) = -5*p - 95. Give t(-21).
10
Let o(r) = -r + 38. Give o(6).
32
Let j(a) = 3*a - 7. Give j(5).
8
Let y(b) = -b**3 + 8*b**2 - 9*b + 5. Determine y(6).
23
Let n(v) = -v**3 - 30*v**2 + 36*v + 158. Determine n(-31).
3
Let h(x) = -125*x - 861. Calculate h(-7).
14
Let t(b) = 63*b**2 + 441*b + 6. Calculate t(-7).
6
Let t(m) = m**3 + 16*m**2 + 16*m - 14. Calculate t(-15).
-29
Let u(m) = 9*m + 6. Calculate u(-4).
-30
Let p(z) = -z**3 + 10*z**2 - 9*z - 4. Determine p(9).
-4
Let u(t) = -60*t - 30. Calculate u(-1).
30
Let j(d) = d**2 + 14*d + 21. Give j(-2).
-3
Let x(z) = z**2 + 19*z - 38. Give x(-21).
4
Let g(b) = -b**2 - 12*b + 7. What is g(-13)?
-6
Let f(x) = 23*x - 192. Give f(8).
-8
Let l(c) = -3*c**2 + 15*c + 8. Give l(7).
-34
Let i(m) = 7*m + 4. What is i(6)?
46
Let g(t) = 24*t - 353. Give g(15).
7
Let y(u) = -u**2 + u. What is y(-2)?
-6
Let g(o) = 4*o**2 - 33*o + 2. What is g(8)?
-6
Let d(f) = f**3 + 4*f**2 - 4*f + 5. Calculate d(-5).
0
Let w(m) = 13*m**3 - 5*m**2 + 5*m. Calculate w(2).
94
Let j(y) = -y**2 - 12*y + 10. Calculate j(-11).
21
Let n(v) = 3*v**2 - 24*v - 1. What is n(8)?
-1
Let t(d) = 10*d + 185. Give t(-19).
-5
Let p(o) = -o**2 + 2*o + 11. Give p(5).
-4
Let u(o) = -o**3 + 11*o**2 - o - 90. Determine u(10).
0
Let h(s) = -7*s**3 + 2*s**2 + 6*s - 1. Calculate h(-2).
51
Let l(x) = x**3 - x**2 - x + 1. What is l(0)?
1
Let p(a) = 13*a + 9. What is p(-4)?
-43
Let d(r) = r**2 - r - 11. Determine d(0).
-11
Let q(u) = 14*u + 3. Determine q(-5).
-67
Let f(w) = -w**3 - 8*w**2 - 14*w - 45. Give f(-7).
4
Let l(w) = -w**2 + 3*w + 6. Determine l(6).
-12
Let z(p) = -p**2 + 12*p + 7. Determine z(9).
34
Let h(t) = -t**3 + 7*t**2 + 17*t + 12. Determine h(9).
3
Let m(u) = u - 8. What is m(5)?
-3
Let l(o) = -o**2 - 28*o + 124. Determine l(-32).
-4
Let s(b) = 4*b + 8. Calculate s(-5).
-12
Let l(c) = -c**3 - c - 1. Give l(-1).
1
Let z(n) = -2*n - 26. Determine z(5).
-36
Let m(o) = o**3 - 5*o**2 - 3*o + 4. Give m(6).
22
Let q(v) = -v**2 - 95*v - 857. Determine q(-10).
-7
Let p(w) = -3*w + 21. What is p(5)?
6
Let f(j) = j**2 + 6*j - 7. Calculate f(-8).
9
Let m(q) = -2*q**3 + 6*q**2 + 6*q - 3. Calculate m(4).
-11
Let n(s) = 2*s**2 - 21*s - 152. Determine n(-5).
3
Let f(n) = -n**2 - 24*n + 139. Calculate f(-28).
27
Let i(f) = 2*f - 58. Give i(26).
-6
Let b(y) = -2*y + 18. Give b(21).
-24
Let x(i) = 49*i**2 - i + 2. Determine x(1).
50
Let m(q) = -q**3 - 3*q**2 + 4*q + 3. What is m(-4)?
3
Let c(k) = -k**2 + 19*k - 9. Calculate c(19).
-9
Let t(s) = 2*s**3 + 4*s**2 - 3*s + 4. Determine t(-4).
-48
Let g(y) = -y**3 + 9*y**2 - 14*y + 4. What is g(7)?
4
Let s(x) = x**2 - 12*x - 13. Calculate s(11).
-24
Let g(f) = 3*f - 40. Calculate g(21).
23
Let p(i) = -3*i**3 + i**2 - 3*i + 1. What is p(2)?
-25
Let k(m) = -4*m**2 + m + 2. Calculate k(2).
-12
Let s(h) = h**3 - 7*h**2 + 4*h + 3. Determine s(5).
-27
Let z(q) = -q**3 - 5*q**2 + 3*q - 20. Calculate z(-6).
-2
Let l(w) = w**2 + 12*w + 1. Give l(-19).
134
Let b(d) = -4*d - 16. Give b(-5).
4
Let m(l) = -20*l + 6. Calcu